ite?
False
Is 5779270397 composite?
True
Is 3214298537 composite?
True
Is 145325526583 a prime number?
True
Is 2276366527 prime?
True
Is 76778779769 prime?
True
Is 91597669 a prime number?
True
Is 84023923 a composite number?
False
Is 113951280473 composite?
False
Is 108843659 a composite number?
True
Is 414620922121 a composite number?
True
Is 59489603 a composite number?
False
Is 42965043839 prime?
True
Is 60570100439 a composite number?
False
Is 10199125247 composite?
True
Is 20108718887 a prime number?
True
Is 43293432859 a prime number?
True
Is 856565663 prime?
False
Is 52428516173 composite?
True
Is 13071454597 a composite number?
True
Is 95371253 composite?
True
Is 16628322311 a composite number?
True
Is 179052536779 a prime number?
True
Is 262839457 a composite number?
False
Is 1550649571 a prime number?
True
Is 93272857311 a composite number?
True
Is 2560462987 a prime number?
False
Is 119429441 a composite number?
True
Is 69123810883 prime?
True
Is 6842567021 a composite number?
False
Is 26506240889 prime?
False
Is 5927755609 prime?
False
Is 1074007157 a composite number?
False
Is 9367038313 prime?
False
Is 729345477593 prime?
True
Is 7919387741 prime?
False
Is 565843163 composite?
False
Is 3757655087 a prime number?
True
Is 9650999339 prime?
True
Is 2239456099 composite?
False
Is 16880193073 prime?
False
Is 94739657143 a composite number?
False
Is 71371876981 prime?
False
Is 2377301579 a prime number?
True
Is 26485049597 prime?
True
Is 53837117 prime?
False
Is 3174811817 a prime number?
False
Is 25250974631 a prime number?
True
Is 1488696509 a prime number?
False
Is 49261094219 prime?
False
Is 4012579829 composite?
True
Is 5338203389 a composite number?
False
Is 627128123 composite?
False
Is 10740493469 prime?
True
Is 4863991133 prime?
True
Is 1826875729 composite?
True
Is 13191621901 composite?
False
Is 206255083 a composite number?
True
Is 982336477 composite?
False
Is 706497287 a prime number?
True
Is 1092313919 a composite number?
True
Is 682362033 composite?
True
Is 189804751 a composite number?
False
Is 342622958 prime?
False
Is 5823172807 composite?
True
Is 2278713299 prime?
True
Is 1764496049 composite?
True
Is 4832482381 prime?
True
Is 2276900071 a composite number?
False
Is 1556222831 prime?
True
Is 36788915089 composite?
False
Is 30699663383 a prime number?
False
Is 2399940799 a composite number?
False
Is 107881469 composite?
True
Is 1602337069 composite?
False
Is 3716858195 a prime number?
False
Is 45726168743 composite?
False
Is 46158103907 a prime number?
True
Is 3431721941 prime?
False
Is 70279568213 prime?
False
Is 33539141 composite?
False
Is 49540331 a composite number?
False
Is 44412740503 prime?
True
Is 9078707219 prime?
True
Is 9270423193 composite?
False
Is 4702113763 composite?
False
Is 2820874643 prime?
True
Is 865016771 composite?
False
Is 2083660863 composite?
True
Is 27255477517 a composite number?
False
Is 5999552677 prime?
False
Is 6963286189 a prime number?
True
Is 187516754023 prime?
False
Is 128498185 prime?
False
Is 11126805073 prime?
False
Is 304669537 a prime number?
True
Is 121784353 a composite number?
True
Is 54523432463 prime?
True
Is 31326409319 composite?
True
Is 9091149423 composite?
True
Is 17137757099 prime?
True
Is 3283587721 a composite number?
False
Is 229218623 composite?
False
Is 7137880154 a prime number?
False
Is 576850639 composite?
True
Is 506711067 prime?
False
Is 65071157719 prime?
True
Is 145948423 composite?
False
Is 50266265573 a composite number?
False
Is 115730531 a prime number?
False
Is 63836855111 a composite number?
True
Is 13482780449 a prime number?
True
Is 2562520777 composite?
False
Is 1870758359 composite?
False
Is 17471795081 composite?
True
Is 912876131 composite?
True
Is 1349661461 a composite number?
False
Is 3855501467 prime?
True
Is 17378099093 composite?
False
Is 256285919 prime?
True
Is 4452461989 a prime number?
True
Is 369906371 a prime number?
True
Is 10095487091 composite?
True
Is 27716919193 a composite number?
False
Is 8019279223 composite?
False
Is 1966900829 a composite number?
True
Is 368248651 composite?
False
Is 71075408303 prime?
False
Is 1431554251 prime?
False
Is 29118546211 a composite number?
True
Is 7651498807 a composite number?
True
Is 355360207 composite?
False
Is 65680666561 a prime number?
False
Is 25578944935 composite?
True
Is 36787151 prime?
False
Is 8797306229 prime?
True
Is 103807660487 a composite number?
False
Is 1135827599 a prime number?
True
Is 24718281043 a composite number?
False
Is 400885931 a prime number?
True
Is 67717567 a prime number?
True
Is 5498924947 prime?
False
Is 344272547 composite?
False
Is 46805669387 a composite number?
True
Is 4513221697 composite?
True
Is 3597628339 composite?
False
Is 268517915 prime?
False
Is 5701248445 prime?
False
Is 87990211223 a composite number?
True
Is 1931641133 a composite number?
True
Is 2114731211 prime?
False
Is 799230241 a prime number?
True
Is 287267119 prime?
True
Is 12893605129 prime?
True
Is 85089141041 a composite number?
False
Is 6063439363 composite?
True
Is 2093475401 a composite number?
False
Is 13010557193 prime?
False
Is 336879239 a composite number?
False
Is 865291631 composite?
False
Is 11317182139 prime?
False
Is 8821994647 composite?
True
Is 1574423119 composite?
True
Is 4887408139 composite?
True
Is 12440837957 prime?
True
Is 17710561711 prime?
True
Is 709193239 a prime number?
False
Is 299566094 a composite number?
True
Is 14535816271 a composite number?
False
Is 359333033 composite?
False
Is 17644883233 prime?
False
Is 25627902583 a composite number?
False
Is 1720160833 composite?
True
Is 6528540767 prime?
False
Is 4520789579 prime?
True
Is 25840734131 composite?
False
Is 21511021319 a composite number?
False
Is 85573847689 a prime number?
False
Is 556314763 composite?
True
Is 102386698237 a composite number?
False
Is 662638787 a composite number?
False
Is 13128313 a prime number?
False
Is 5808347207 composite?
True
Is 30891925619 a composite number?
False
Is 2012517491 a prime number?
False
Is 201180174347 prime?
False
Is 1258572394 prime?
False
Is 1894633129 a composite number?
True
Is 166689283 composite?
True
Is 3652112141 composite?
False
Is 66711406 prime?
False
Is 2343254063 prime?
True
Is 12749490557 composite?
True
Is 23700310631 a composite number?
False
Is 4856505211 a prime number?
True
Is 5351555113 prime?
False
Is 21635279 a composite number?
False
Is 816685069 composite?
False
Is 441900341 prime?
True
Is 3443170727 prime?
False
Is 245736431 composite?
True
Is 3380706721 a composite number?
True
Is 2375935799 a prime number?
True
Is 2909622311 a composite number?
False
Is 3203231959 composite?
True
Is 1076041321 prime?
True
Is 38501458643 composite?
False
Is 1329502126 composite?
True
Is 2515281149 a composite number?
False
Is 2780141401 a composite number?
False
Is 74542201 composite?
False
Is 10618611299 a prime number?
True
Is 1192860181 prime?
False
Is 16066532149 a composite number?
True
Is 34933571021 a composite number?
False
Is 1739313119 a prime number?
True
Is 2808837667 prime?
True
Is 138607849687 a prime number?
True
Is 1051925959 a prime number?
False
Is 10968113207 prime?
True
Is 3606331501 composite?
True
Is 3779605891 prime?
True
Is 105519647 prime?
False
Is 2542899791 composite?
True
Is 3024533063 prime?
False
Is 509297387 a composite number?
False
Is 193024739 a prime number?
True
Is 130125996973 prime?
False
Is 1945957089 prime?
False
Is 115361789 a prime number?
True
Is 482337507 prime?
False
Is 65423047 a prime number?
True
Is 3703816967 prime?
False
Is 2113546619 composite?
True
Is 3790260701 a prime number?
False
Is 13563763933 a prime number?
False
Is 42171830299 a prime number?
True
Is 12573284951 a composite number?
True
Is 496083661 a composite number?
False
Is 296272079 a composite number?
False
Is 8577782513 prime?
True
Is 472662007 a prime number?
True
Is 422331479 prime?
False
Is 5462091287 a composite number?
True
Is 1035061273 composite?
True
Is 141996377 a composite number?
False
Is 1396819649 a composite number?
True
Is 1517915131 prime?
True
Is 1376126729 composite?
False
Is 435676847 a prime number?
False
Is 5487435671 composite?
False
Is 18683270891 prime?
True
Is 877612649 a prime number?
True
Is 1129